 -14 (base 13) in base 16?
-11
-112 (base 10) to base 15
-77
1f (base 16) to base 5
111
320 (base 6) to base 2
1111000
What is 0 (base 6) in base 15?
0
Convert -22 (base 10) to base 9.
-24
What is 0 (base 2) in base 14?
0
What is 12 (base 12) in base 2?
1110
Convert 100110 (base 2) to base 6.
102
What is 13 (base 9) in base 4?
30
20 (base 3) to base 9
6
Convert -2 (base 15) to base 2.
-10
Convert 4 (base 15) to base 4.
10
Convert 58 (base 16) to base 4.
1120
Convert -2211 (base 3) to base 8.
-114
-11120 (base 3) to base 11
-102
Convert 30 (base 8) to base 6.
40
-29 (base 10) to base 4
-131
What is -1a (base 12) in base 7?
-31
1 (base 8) to base 14
1
What is -5 (base 9) in base 13?
-5
What is 1112 (base 4) in base 15?
5b
Convert 2 (base 4) to base 13.
2
What is -1a (base 16) in base 4?
-122
Convert 8 (base 16) to base 14.
8
Convert 10 (base 6) to base 16.
6
Convert 4a (base 12) to base 4.
322
-13 (base 9) to base 6
-20
10010 (base 2) to base 7
24
What is 3 (base 11) in base 9?
3
-1 (base 5) to base 11
-1
What is -10122 (base 4) in base 10?
-282
Convert 17 (base 16) to base 4.
113
Convert -5 (base 15) to base 12.
-5
-163 (base 9) to base 2
-10001010
-116 (base 10) to base 2
-1110100
Convert 110 (base 2) to base 7.
6
What is -c (base 16) in base 9?
-13
Convert 26 (base 11) to base 2.
11100
What is -9 (base 10) in base 14?
-9
Convert 13 (base 10) to base 12.
11
22 (base 3) to base 9
8
Convert 110111 (base 2) to base 11.
50
What is -11 (base 11) in base 12?
-10
Convert 0 (base 8) to base 4.
0
Convert -344 (base 7) to base 13.
-10a
Convert 105 (base 11) to base 5.
1001
-3 (base 12) to base 4
-3
Convert 3 (base 5) to base 11.
3
45 (base 6) to base 12
25
What is -101 (base 2) in base 16?
-5
What is 1000011 (base 2) in base 10?
67
Convert -441 (base 7) to base 15.
-100
What is 0 (base 16) in base 4?
0
What is -47 (base 10) in base 8?
-57
What is 43 (base 10) in base 11?
3a
What is 1223 (base 4) in base 10?
107
What is -d7 (base 15) in base 5?
-1302
-9 (base 10) to base 6
-13
Convert 1d (base 16) to base 13.
23
Convert -1 (base 5) to base 7.
-1
What is 10 (base 15) in base 5?
30
What is 63 (base 7) in base 2?
101101
What is -6 (base 10) in base 12?
-6
Convert 1405 (base 6) to base 3.
111112
-1110100 (base 2) to base 3
-11022
Convert 0 (base 2) to base 10.
0
-2 (base 8) to base 12
-2
6b (base 15) to base 4
1211
-40 (base 13) to base 12
-44
Convert 72 (base 16) to base 7.
222
Convert 6 (base 7) to base 5.
11
120 (base 10) to base 15
80
0 (base 2) to base 4
0
What is -4 (base 15) in base 12?
-4
Convert 4 (base 9) to base 15.
4
What is -6 (base 7) in base 12?
-6
What is 1110 (base 2) in base 11?
13
Convert -123 (base 11) to base 10.
-146
Convert 1e (base 15) to base 3.
1002
Convert -2201 (base 3) to base 13.
-58
What is -33 (base 14) in base 8?
-55
8 (base 14) to base 15
8
1202 (base 4) to base 10
98
Convert 2 (base 8) to base 10.
2
Convert -7 (base 14) to base 15.
-7
What is 1 (base 14) in base 11?
1
What is 0 (base 10) in base 12?
0
Convert 1100 (base 2) to base 11.
11
What is -5 (base 15) in base 11?
-5
Convert -4 (base 10) to base 16.
-4
25 (base 9) to base 8
27
What is -b6 (base 12) in base 5?
-1023
-1 (base 6) to base 7
-1
Convert -4 (base 13) to base 11.
-4
What is 20 (base 9) in base 13?
15
Convert -1 (base 12) to base 6.
-1
Convert -191 (base 10) to base 7.
-362
-10 (base 4) to base 8
-4
What is -c7 (base 14) in base 4?
-2233
What is 0 (base 3) in base 7?
0
What is 7 (base 13) in base 5?
12
Convert 1 (base 12) to base 13.
1
Convert -42 (base 6) to base 4.
-122
What is -7 (base 14) in base 3?
-21
10 (base 4) to base 5
4
Convert 28 (base 14) to base 5.
121
What is 1 (base 13) in base 10?
1
What is 23 (base 9) in base 12?
19
Convert 7b (base 12) to base 6.
235
Convert -100 (base 6) to base 8.
-44
What is -3 (base 9) in base 7?
-3
What is -26 (base 16) in base 2?
-100110
Convert 1222 (base 5) to base 16.
bb
-1 (base 12) to base 10
-1
179 (base 10) to base 6
455
What is 3 (base 14) in base 12?
3
-11000 (base 2) to base 15
-19
Convert -131 (base 5) to base 12.
-35
-7 (base 14) to base 8
-7
Convert 2 (base 8) to base 7.
2
Convert 31 (base 4) to base 11.
12
What is 443 (base 6) in base 3?
20100
Convert -211 (base 4) to base 10.
-37
-1 (base 5) to base 11
-1
Convert -d (base 15) to base 5.
-23
Convert 130 (base 11) to base 4.
2122
What is 10 (base 10) in base 9?
11
What is -151 (base 6) in base 14?
-4b
What is -1 (base 8) in base 13?
-1
Convert -245 (base 7) to base 15.
-8b
Convert 182 (base 10) to base 8.
266
What is 2d (base 15) in base 13?
34
42 (base 14) to base 7
112
What is -190 (base 11) in base 4?
-3130
Convert 2 (base 10) to base 4.
2
Convert -10100 (base 2) to base 16.
-14
What is 10 (base 10) in base 2?
1010
What is 3 (base 13) in base 11?
3
Convert 3 (base 15) to base 3.
10
What is -245 (base 7) in base 8?
-203
Convert -3 (base 15) to base 13.
-3
-18 (base 14) to base 4
-112
-12 (base 4) to base 13
-6
Convert -3 (base 11) to base 16.
-3
9 (base 12) to base 4
21
What is 2121 (base 3) in base 15?
4a
What is 12 (base 5) in base 8?
7
Convert -9 (base 12) to base 14.
-9
Convert 30 (base 16) to base 10.
48
What is -1 (base 9) in base 5?
-1
What is 4 (base 5) in base 3?
11
What is 3e (base 16) in base 8?
76
123 (base 4) to base 5
102
34 (base 12) to base 8
50
What is -2 (base 10) in base 8?
-2
What is 1 (base 11) in base 13?
1
-12 (base 8) to base 2
-1010
Convert 1 (base 14) to base 6.
1
What is f (base 16) in base 14?
11
a (base 16) to base 5
20
a (base 14) to base 9
11
-3 (base 16) to base 6
-3
Convert -1000001 (base 2) to base 6.
-145
-1022 (base 5) to base 13
-a7
-7 (base 16) to base 15
-7
Convert 11 (base 7) to base 12.
8
-3 (base 9) to base 7
-3
What is -33 (base 4) in base 16?
-f
What is 10 (base 3) in base 15?
3
-1 (base 8) to base 5
-1
Convert -2002 (base 3) to base 15.
-3b
Convert 444 (base 5) to base 7.
235
What is -244 (base 5) in base 10?
-74
What is 41 (base 15) in base 5?
221
Convert 3 (base 16) to base 15.
3
1 (base 16) to base 11
1
-a (base 15) to base 4
-22
-1 (base 11) to base 9
-1
What is 5a (base 14) in base 11?
73
-3 (base 16) to base 5
-3
-14 (base 10) to base 12
-12
4 (base 9) to base 2
100
-1 (base 15) to base 14
-1
0 (base 14) to base 15
0
Convert 1 (base 7) to base 14.
1
-14e (base 15) to base 3
-102002
-123 (base 8) to base 4
-1103
53 (base 14) to base 10
73
Convert 27 (base 13) to base 12.
29
-10110 (base 2) to base 9
-24
What is 9 (base 11) in base 3?
100
Convert 16 (base 7) to base 11.
12
What is 104 (base 6) in base 14?
2c
Convert 21 (base 4) to base 10.
9
What is 110 (base 2) in base 7?
6
Convert 111 (base 2) to base 16.
7
1 (base 6) to base 11
1
Convert 5 (base 7) to base 16.
5
Convert 3 (base 10) to base 4.
3
Convert b (base 14) to base 8.
13
Convert 1101010 (base 2) to base 14.
78
Convert -2 (base 7) to base 5.
-2
Convert 0 (base 15) to base 8.
0
Convert 0 (base 16) to base 8.
0
What is -2b (base 14) in base 12?
-33
What is -2c (base 15) in base 16?
-2a
What is 34 (base 12) in base 6?
104
Convert 2 (base 5) to base 8.
2
What is -25 (base 16) in base 11?
-34
-316 (base 7) to base 2
-10100000
Convert 138 (base 12) to base 14.
d6
-5 (base 13) to base 6
-5
Convert 30 (base 5) to base 13.
12
What is -267 (base 8) in base 3?
-20210
57 (base 10) to base 15
3c
-1220 (base 3) to base 15
-36
Convert 4 (base 8) to base 7.
4
What is -3 (base 4) in base 3?
-10
Convert -1 (base 16) to base 4.
-1
What is 0 (base 8) in base 5?
0
-70 (base 8) to base 3
-2002
8 (base 9) to base 15
8
What is -103 (base 4) in base 8?
-23
-1111 (base 2) to base 11
-14
Convert 1 (base 3) to base 2.
1
67 (base 11) to base 12
61
-77 (base 10) to base 11
-70
Convert 3 (base 14) to base 13.
3
-3 (base 15) to base 14
-3
20210 (base 3) to base 5
1213
-1 (base 4) to base 15
-1
What is 101 (base 2) in base 11?
5
Convert 6 (base 12) to base 5.
11
1 (base 16) to base 12
1
What is 97 (base 11) in base 2?
1101010
Convert 89 (base 10) to base 7.
155
-10 (base 2) to base 3
-2
What is 2 (base 10) in base 8?
2
0 (base 7) to base 12
0
1100 (base 2) to base 3
110
What is 8 (base 11) in base 16?
8
302 (base 8) to base 2
11000010
What is -1 (base 9) in base 4?
-1
38 (base 10) to base 7
53
68 (base 10) to base 3
2112
What is -154 (base 9) in base 11?
-109
Convert -d (bas